 when 91009 is divided by 148.
137
What is the remainder when 184885 is divided by 191?
188
Calculate the remainder when 448 is divided by 157.
134
What is the remainder when 1960 is divided by 1949?
11
What is the remainder when 1374 is divided by 420?
114
Calculate the remainder when 104962 is divided by 677.
27
Calculate the remainder when 393 is divided by 198.
195
Calculate the remainder when 244421 is divided by 122206.
9
Calculate the remainder when 2249582 is divided by 265.
262
What is the remainder when 19569 is divided by 18834?
735
Calculate the remainder when 64721 is divided by 482.
133
Calculate the remainder when 9097 is divided by 1593.
1132
What is the remainder when 795 is divided by 25?
20
What is the remainder when 968 is divided by 275?
143
Calculate the remainder when 24157 is divided by 16.
13
What is the remainder when 6374 is divided by 176?
38
Calculate the remainder when 36193 is divided by 18089.
15
Calculate the remainder when 1426 is divided by 515.
396
Calculate the remainder when 773 is divided by 5.
3
Calculate the remainder when 208249 is divided by 298.
245
Calculate the remainder when 121985 is divided by 64.
1
Calculate the remainder when 63994 is divided by 348.
310
What is the remainder when 4938 is divided by 43?
36
What is the remainder when 307880 is divided by 86?
0
What is the remainder when 28992 is divided by 293?
278
What is the remainder when 9839 is divided by 288?
47
Calculate the remainder when 2480 is divided by 175.
30
What is the remainder when 7335989 is divided by 666?
665
What is the remainder when 68466 is divided by 565?
101
Calculate the remainder when 36736 is divided by 40.
16
Calculate the remainder when 7236 is divided by 1769.
160
What is the remainder when 22951 is divided by 79?
41
What is the remainder when 1924 is divided by 7?
6
Calculate the remainder when 5317987 is divided by 10.
7
What is the remainder when 101971 is divided by 167?
101
What is the remainder when 50737 is divided by 1208?
1
What is the remainder when 1889 is divided by 61?
59
Calculate the remainder when 4917 is divided by 492.
489
Calculate the remainder when 2351 is divided by 225.
101
Calculate the remainder when 181217 is divided by 457.
245
What is the remainder when 8552 is divided by 1258?
1004
Calculate the remainder when 213697 is divided by 717.
31
Calculate the remainder when 13452 is divided by 371.
96
Calculate the remainder when 79 is divided by 36.
7
Calculate the remainder when 2505 is divided by 2090.
415
What is the remainder when 1306 is divided by 434?
4
What is the remainder when 14463 is divided by 3611?
19
What is the remainder when 396002 is divided by 380?
42
What is the remainder when 55216 is divided by 17?
0
What is the remainder when 4228 is divided by 256?
132
Calculate the remainder when 6393 is divided by 54.
21
Calculate the remainder when 1331 is divided by 96.
83
Calculate the remainder when 104031 is divided by 16.
15
Calculate the remainder when 6285 is divided by 1045.
15
What is the remainder when 4449 is divided by 235?
219
Calculate the remainder when 106354 is divided by 53172.
10
Calculate the remainder when 19530 is divided by 22.
16
Calculate the remainder when 44880 is divided by 119.
17
What is the remainder when 439512 is divided by 38?
4
What is the remainder when 33342 is divided by 84?
78
What is the remainder when 64 is divided by 18?
10
What is the remainder when 32864 is divided by 86?
12
Calculate the remainder when 2270 is divided by 2089.
181
Calculate the remainder when 165412 is divided by 36.
28
What is the remainder when 57236 is divided by 1683?
14
What is the remainder when 13860 is divided by 338?
2
Calculate the remainder when 171037 is divided by 23.
9
What is the remainder when 711252 is divided by 61?
53
Calculate the remainder when 11859 is divided by 2958.
27
What is the remainder when 42613 is divided by 330?
43
Calculate the remainder when 2476 is divided by 2434.
42
Calculate the remainder when 4167 is divided by 1041.
3
Calculate the remainder when 100072 is divided by 50021.
30
Calculate the remainder when 23958 is divided by 121.
0
What is the remainder when 61341 is divided by 8?
5
Calculate the remainder when 5970 is divided by 1986.
12
What is the remainder when 2736 is divided by 2562?
174
What is the remainder when 968000 is divided by 18?
14
Calculate the remainder when 124739 is divided by 30.
29
What is the remainder when 93149 is divided by 1792?
1757
Calculate the remainder when 1565 is divided by 1511.
54
Calculate the remainder when 550 is divided by 406.
144
What is the remainder when 48794 is divided by 268?
18
What is the remainder when 45866 is divided by 61?
55
What is the remainder when 14601 is divided by 4866?
3
What is the remainder when 2529 is divided by 529?
413
Calculate the remainder when 2223 is divided by 653.
264
What is the remainder when 6696 is divided by 122?
108
What is the remainder when 966 is divided by 135?
21
What is the remainder when 3463 is divided by 11?
9
What is the remainder when 13658 is divided by 269?
208
What is the remainder when 46670 is divided by 105?
50
Calculate the remainder when 103315 is divided by 101.
93
What is the remainder when 653 is divided by 46?
9
Calculate the remainder when 27537 is divided by 61.
26
Calculate the remainder when 19416 is divided by 133.
131
Calculate the remainder when 203 is divided by 57.
32
What is the remainder when 48168 is divided by 1024?
40
Calculate the remainder when 18017 is divided by 1637.
10
What is the remainder when 309692 is divided by 34408?
20
What is the remainder when 73757 is divided by 69?
65
What is the remainder when 40983 is divided by 40?
23
What is the remainder when 53089 is divided by 26534?
21
What is the remainder when 4464 is divided by 175?
89
What is the remainder when 2591 is divided by 97?
69
What is the remainder when 364364 is divided by 72872?
4
What is the remainder when 239534 is divided by 10414?
12
What is the remainder when 37569 is divided by 28?
21
Calculate the remainder when 4037 is divided by 271.
243
Calculate the remainder when 727 is divided by 11.
1
What is the remainder when 5198 is divided by 106?
4
Calculate the remainder when 12643 is divided by 2856.
1219
What is the remainder when 299 is divided by 134?
31
Calculate the remainder when 13178 is divided by 312.
74
What is the remainder when 828057 is divided by 14?
13
What is the remainder when 15867 is divided by 42?
33
Calculate the remainder when 18651 is divided by 468.
399
What is the remainder when 4387 is divided by 518?
243
What is the remainder when 297922 is divided by 37?
35
What is the remainder when 2193 is divided by 327?
231
What is the remainder when 2119914 is divided by 1936?
1930
Calculate the remainder when 80014 is divided by 16.
14
What is the remainder when 473456 is divided by 283?
280
Calculate the remainder when 23208 is divided by 106.
100
Calculate the remainder when 26635 is divided by 67.
36
What is the remainder when 297032 is divided by 94?
86
What is the remainder when 7947 is divided by 23?
12
What is the remainder when 7692 is divided by 1538?
2
What is the remainder when 24171 is divided by 220?
191
What is the remainder when 226896 is divided by 226885?
11
Calculate the remainder when 250043 is divided by 139.
121
Calculate the remainder when 1363733 is divided by 634.
633
What is the remainder when 4733 is divided by 456?
173
What is the remainder when 1002 is divided by 19?
14
What is the remainder when 24573 is divided by 24559?
14
What is the remainder when 639 is divided by 15?
9
Calculate the remainder when 40697 is divided by 180.
17
Calculate the remainder when 166672 is divided by 825.
22
What is the remainder when 30930 is divided by 262?
14
Calculate the remainder when 1865 is divided by 155.
5
Calculate the remainder when 6459 is divided by 481.
206
Calculate the remainder when 4700 is divided by 453.
170
Calculate the remainder when 456903 is divided by 2736.
2727
What is the remainder when 1075 is divided by 185?
150
Calculate the remainder when 6578 is divided by 8.
2
What is the remainder when 18336 is divided by 6106?
18
Calculate the remainder when 8071 is divided by 2674.
49
C